l(r).
18
Suppose -2*r - 2 = 0, 3*l + 39 = 8*l - 4*r. Let z(f) = f**2 - 43. Let n be z(-8). Let y(w) = -14*w - 11 + 2 - w**2 + n*w. What is y(l)?
-9
Let z(w) = 15*w**3 - 74*w**2 + 9*w - 10. Let a(t) = -8*t**3 + 38*t**2 - 3*t + 6. Let u(x) = 5*a(x) + 3*z(x). Give u(6).
0
Let r(c) = 5*c**2 - c - 89. Let j(l) = 12*l**2 - 4*l - 179. Let q(x) = -2*j(x) + 5*r(x). Let o be q(-11). Let t(b) = 13*b**2 - b - 1. Give t(o).
11
Let q(x) = -4*x + 2. Suppose -4 + 16 = 6*m. Suppose -5*l + r = -5, -r + 7 = -4*l + m*r. Calculate q(l).
-6
Let x(r) = -r**3 + 3*r**2 + 11*r - 12. Suppose -7*a - 61 + 116 = 4*a. Calculate x(a).
-7
Suppose 3*j - 6*j + 4*d = 6, 0 = d - 3. Let y(r) be the third derivative of -1/6*r**3 + 0 + r**j + 0*r + 1/8*r**4. What is y(-2)?
-7
Let a(y) = -12*y + 64. Let q(h) = h**3 - 15*h**2 - 9*h - 416. Let t be q(17). What is a(t)?
-44
Let s(p) = -p**2 + 12*p + 3. Let i be s(0). Let w(j) = 2*j**i - 3*j**3 + 2 + 10*j + 11*j - 19*j - 3*j**2. Determine w(-4).
10
Let x(d) = -3*d - 6. Suppose -70 = -2*i - 4*t, -5*i + 10*i - 4*t - 133 = 0. Suppose -3 = 3*v, 3 = 4*j - 3*v + 136. Let a = i + j. Give x(a).
9
Let d = -7985 + 7987. Let c(x) be the first derivative of -3*x**4/4 + x**2/2 + 2*x - 7. Give c(d).
-20
Suppose 9 - 238 = -84*i + 23. Let q(z) be the second derivative of 1/3*z**i + 0*z**2 + 0 + 35*z. Determine q(-2).
-4
Let o(h) = -68*h**2 - 1359*h - 5. Let q be o(-20). Let k(r) = 2*r + 77. Determine k(q).
27
Let s(t) = -t**2 - 14*t - 31. Let q be (20/(-30))/((-2)/(60/(-2))). Calculate s(q).
9
Let g(z) be the first derivative of 1/2*z**2 - 4 - z. Let p = -17888 + 17892. Give g(p).
3
Suppose 19*x + 9054 = 10*x. Let r = -1002 - x. Let z(h) = -3*h**2 + 3*h - 1. Give z(r).
-37
Let d(k) be the third derivative of -k**5/60 + 5*k**4/24 - 2*k**3/3 - 3*k**2. Let b(v) = -2*v**2 - 7*v - 31. Let u be b(-7). Let i = u - -85. Calculate d(i).
-4
Let h(s) = s**3 + 9*s**2. Let b(z) = 2*z**3 + 18*z**2 - 24*z - 122. Let r(w) = b(w) - 3*h(w). Determine r(-8).
6
Let o(y) = 24*y - 213 + 317 - 102. Determine o(-1).
-22
Let y(c) = c + 3. Suppose 4*k - 30 = -3*g + 26, -73 = -4*g - 5*k. Suppose -g = v - 2*q, 3*v - 2*q = -3*q - 8. Determine y(v).
-1
Let l(b) = 0*b + 14 - 6 - 2*b. Suppose -13*j = -217 - 1330. Let y = j + -113. Calculate l(y).
-4
Suppose -u + 5 = 4*r, -3*r + 10*u - 5*u = -21. Let a(i) = 21 + i**r - 7*i + 28*i + 6 - 10*i. Determine a(-6).
-3
Let j = -8715 + 8696. Let v(u) = 5*u + 86. Determine v(j).
-9
Let b(v) = v**2 + 37*v + 183. Suppose 2851*o + 37 = 2853*o + 99. Calculate b(o).
-3
Let k(m) = m**3 + 7*m**2 - 4*m + 16. Let d(l) = -l**3 - 6*l**2 + 3*l - 14. Let p(i) = -5*d(i) - 4*k(i). Calculate p(-3).
-6
Let n = -58 + -162. Let y = n + 231. Let p(d) = 3*d + 25. Let g(h) = h + 13. Let z(v) = -5*g(v) + 2*p(v). Give z(y).
-4
Let n(q) = 52*q - 14. Let o(a) = 43*a - 14. Let y(s) = -5*n(s) + 6*o(s). What is y(-7)?
0
Let x be (-3538)/(-16) + (-27)/216. Suppose u - x = -219. Let c(q) = -2*q**3 + q**2 + q + 1. What is c(u)?
-9
Let n(d) = -d**3 + 4*d**2 + 2*d - 1. Suppose -10 = 4*o - 2*o. Let t(m) = m**3 + 6*m**2 + m - 11. Let y be t(o). Suppose -h = -4*h + y. Determine n(h).
14
Let y(k) = -7*k**3 - 15*k**2 + 8*k - 16. Let r(z) = 2*z**3 + 5*z**2 - 3*z + 5. Let p(i) = -10*r(i) - 3*y(i). Give p(4).
6
Let u = 45 - 38. Suppose a - 6 = -u. Let f(g) be the second derivative of -11*g**5/20 + g**3/6 - 15*g. Calculate f(a).
10
Suppose -16 + 56 = 5*p. Let h be (-9)/(-6) + 4/p. Let m(b) = 9*b - 1 + 0*b**h - b**2 - 3*b + b. Give m(6).
5
Let b be ((-14)/7)/(1/(-2)). Suppose 4*n - 32 = 6*c - c, b*n - 3*c = 24. Suppose 0*y + 15 = n*y. Let k(f) = -f**3 + 4*f**2 + 5*f - 6. What is k(y)?
-6
Let v(o) = 16*o + 44. Let h(k) be the third derivative of k**4/8 + 3*k**3/2 - 2*k**2 - 163. Let s(x) = -11*h(x) + 2*v(x). Calculate s(-10).
-1
Let b(l) = -75 - 24*l + 154 - l**2 - 69 - 55. Let q be b(-22). Let r(w) = -2*w**3 - w**2 - 2*w - 2. Give r(q).
1
Let a(y) = -y**2 + 15*y - 15. Let l(s) = s**3 - 4*s**2 - 12. Let o(j) = j**2 - 22*j + 77. Let p be o(4). Let g be l(p). Determine a(g).
11
Suppose -4*z - 30 = -0*s + 2*s, 2*z = -5*s - 27. Let o be (10/z)/((-1)/(-3)). Let q(n) = -n**3 - 4*n**2 + 5*n - 5. Give q(o).
-5
Let i = 0 + 3. Let p(n) be the third derivative of -n**7/840 + n**6/180 + n**4/8 + 53*n**3/6 + 26*n**2. Let j(g) be the first derivative of p(g). What is j(i)?
-6
Let d(o) = -2*o**2 + 4*o - 6. Let t be d(5). Let f = -27 - t. Let p(n) = -f*n**2 + 4*n**2 - 3*n - 2 + n**2. Calculate p(-2).
-12
Let h be (-138)/(-161)*7/2. Let j(z) = 5*z + 2. Let r(k) = 4*k + 1. Let d(p) = h*r(p) - 2*j(p). Calculate d(6).
11
Let m(y) = 95*y**2 + 193*y - 5. Let r be m(-2). Let z(t) = -t**2 - 8*t + 34. Determine z(r).
1
Let w(p) be the first derivative of -7/3*p**3 - 1 + 1/4*p**4 + 10*p - p**2. Let z(f) = 22*f + 337. Let n be z(-15). Determine w(n).
-4
Let i(b) = -b - 5. Let q be (6 - 44/8)/((-1)/734). Let r = -371 - q. What is i(r)?
-1
Suppose -8*t + h = -3*t - 19, -t + 5*h - 1 = 0. Let m(z) = -2*z. Let d(j) = -4*j - 2. Let g(r) = d(r) - 3*m(r). What is g(t)?
6
Suppose 15*t + 9 = 18*t. Let n be (t + -13)/(2/(-5)). Suppose -3*p - x = -3*x + 25, n = -2*p + 3*x. Let w(d) = -d**2 - 3*d + 2. What is w(p)?
-8
Let s(g) = 534098413 - 534098394 + 5*g - 2*g. Let p be -9 + (1/1)/1. Give s(p).
-5
Let c(r) = 2*r**2 - 30*r - 10. Suppose 46*j - 300 - 298 = 0. What is c(j)?
-62
Let m(v) = -v - 1. Let s(k) = -8*k - 3. Let c(b) = -2*m(b) + s(b). Let a = 85846 + -85845. What is c(a)?
-7
Let f(p) = -p**2 - 188*p - 724. Let l be f(-4). Let k(y) = -y**3 + 10*y**2 + 17*y + 29. Determine k(l).
-55
Let g(k) = 16 - 85*k + 43*k + 37*k + k**2 + 18*k. Give g(-10).
-14
Suppose 0 = -7*l + 2*l + 10. Let t(r) = -2*r**l + 0*r**2 - 1 - 5*r - 1 + 2*r. Let u be (-520)/40 - -1*11. Determine t(u).
-4
Let q be -1*4*(-6)/4. Let b(n) be the third derivative of n**5/60 - 7*n**4/24 + 4*n**3/3 + 2652*n**2. Calculate b(q).
2
Let r(z) = -z + 3. Suppose -699 = -4*p + p - y, -y + 466 = 2*p. Suppose p = k + 4*k + 4*s, k - 4*s - 61 = 0. Let g = k - 43. What is r(g)?
-3
Let t(r) be the second derivative of 1 - 27*r - 3/2*r**2 + 13/12*r**4 - 1/20*r**5 - 13/6*r**3. Determine t(12).
-15
Let o(w) be the third derivative of w**5/30 + 17*w**4/24 + 8*w**3/3 + 3399*w**2. Calculate o(-8).
8
Let x(t) = -2 - 1 - 3*t + 177*t**2 - 325*t**2 + 161*t**2. Determine x(-1).
13
Let p(o) be the second derivative of 28*o**3/3 + o**2/2 - 2331*o. Give p(-1).
-55
Let i(v) = -2*v**2 - 4*v + 10. Suppose 5*a = z + 601, 3*z = 18*a - 22*a - 1727. Let s = z + 583. What is i(s)?
-6
Let c(w) = -6*w - 1. Let s(n) = n. Let x(i) = -c(i) + 3*s(i). Let p = 3415 - 3416. What is x(p)?
-8
Let h = 54 + -41. Suppose 4*f = -3*k + 17, 0 = 5*f + 3*k - h - 9. Let b(l) = f*l + 2 - 10 + 6. Calculate b(3).
13
Let g(o) be the third derivative of 0*o + o**2 + 0*o**3 - 1/120*o**6 + 0 - 1/15*o**5 + 5/24*o**4. Let q be (6 - -1 - 0) + (65 - 77). What is g(q)?
0
Let a(p) = -3 + 0*p**2 - 4 - 2*p**2 - p**2 - 15*p. Let c be a(-4). Let s(n) = -c*n + 497 + 4*n + 2*n - 492. Calculate s(0).
5
Let s(k) = k**2 + 9*k - 3. Let o(t) = -t**2 - 154*t + 9203. Let b be o(46). Give s(b).
33
Let u be (5/15*12 - (1 + -12)) + -5. Let i(l) = -2*l - 41. Determine i(u).
-61
Let z(m) = -6*m**3 + 6*m**2 + 4 + 5*m**3 - 10 + 9*m. Suppose -106 = -6*j - 124. Let f be (j/(0 + -3))/(2/14). What is z(f)?
8
Let m(w) = -w**3 + 9*w**2 + 10*w - 9. Suppose 5*h - 2*z - 34 - 6 = 0, -4*h + 32 = z. Suppose -3*f + 30 = -10*s + h*s, -3*s = f - 10. Give m(f).
-9
Let r = -42 - -50. Suppose 0*q = 4*q - r. Suppose 17 = -3*x + q. Let p(t) = t**3 + 5*t**2 - 2*t - 2. Determine p(x).
8
Suppose -12 = -25*r + 21*r. Suppose -l = 2*t - 3, -5 = r*l - 0*l - t. Let y(a) = -7*a**2 + a + 2. What is y(l)?
-6
Let h(r) be the first derivative of 1/3*r**3 - 6 - 1/6*r**4 - 1/2*r**2 + 4*r. Let x(c) be the first derivative of h(c). What is x(1)?
-1
Let t(q) = q**2 + 8*q - 10. Let r = 1367 + -1372. Calculate t(r).
-25
Let k(i) = 2*i**2 - i + 3. Suppose -1 - 5 = -4*m - 6*u, 2*m = 5*u - 5. Determine k(m).
3
Let m(c) = 6*c**2 - c + 1. Let o = -120 + 121. Let u = -25 + 31. Let d be 3*o + u/(-3). Determine m(d).
6
Let t = 6 - 8. Let q(j) = 534282 - 534282 + 8*j. Determine q(t).
-16
Suppose 96*y - 103*y - 30 - 5 = 0. Let n(i) = 3*i**2 + 3*i - 8. What is n(y)?
52
Suppose -5*m = 4*g + 51 + 